-7
Let f(b) = 2616*b + 34090. What is f(-13)?
82
Let r(g) = -g**3 - 34*g**2 + 794*g - 3303. Determine r(11).
-14
Let b(k) = -k**3 - 41*k**2 + 907*k + 35388. What is b(-43)?
85
Let z(g) = 26*g**3 - 16*g**2 - 36*g - 6. Determine z(-2).
-206
Let o(z) = -13673*z + 41031. Calculate o(3).
12
Let j(q) = -116*q + 2462. What is j(23)?
-206
Let n(a) = -4*a**3 - 422*a**2 + 3877*a + 112. Determine n(-114).
-2
Let c(g) = -67*g**2 + 1343*g - 180. What is c(20)?
-120
Let s(a) = 77585*a + 1241383. Determine s(-16).
23
Let r(t) = -2*t**3 + 126*t**2 + 110*t - 14198. Calculate r(62).
310
Let k(p) = 81*p + 407. What is k(-4)?
83
Let s(a) = -578*a**2 - 28949*a - 2454. Give s(-50).
-4
Let l(j) = j**3 + 16*j**2 + 37*j + 1150. What is l(-20)?
-1190
Let z(s) = 2*s**2 - 2332*s - 180898. Determine z(-73).
-4
Let o(b) = b**3 + 245*b**2 - 5593*b + 34. What is o(21)?
-113
Let t(p) = -5959*p - 3283409. What is t(-551)?
0
Let i(k) = -k**3 + 38*k**2 - 60*k + 624. Give i(39).
-3237
Let s(d) = -2297*d + 4607. Calculate s(2).
13
Let b(f) = 5231*f - 15812. Calculate b(3).
-119
Let l(g) = -6*g**2 - 5887*g - 311870. Determine l(-925).
-145
Let f(a) = 128*a**2 + 2248*a + 6387. Calculate f(-14).
3
Let h(q) = -37*q**2 + 7261*q - 8958. What is h(195)?
12
Let m(a) = -83094*a - 664759. Calculate m(-8).
-7
Let h(t) = 182308*t - 182765. Give h(1).
-457
Let k(z) = 50*z + 6700. Give k(-121).
650
Let y(j) = 72*j**3 - j**2 - 656*j + 657. Give y(1).
72
Let s(f) = -f**3 + 151*f**2 - 5428*f + 197. Give s(60).
2117
Let t(j) = j**2 - 19373*j - 1127025. Calculate t(-58).
-27
Let m(i) = 142616*i + 18825323. Give m(-132).
11
Let v(m) = -m**3 + 27*m**2 - 243*m + 798. Give v(12).
42
Let q(g) = -g**2 - 245*g - 9112. Calculate q(-41).
-748
Let f(p) = -103*p**2 + 2251*p + 2720. Calculate f(23).
6
Let c(g) = g**3 - g**2 - 41*g + 2. Calculate c(9).
281
Let x(f) = 6180*f + 61770. Calculate x(-10).
-30
Let i(z) = z**3 - 636*z**2 - 17903*z - 49. Calculate i(-27).
5
Let c(r) = 56*r**2 + 204*r - 7639. Calculate c(10).
1
Let j(m) = -m**2 - 30297*m + 242422. Determine j(8).
-18
Let i(t) = t**3 + 4*t**2 - 633*t + 1269. Determine i(2).
27
Let j(w) = -52*w**2 - 30260*w + 2277. Calculate j(-582).
-51
Let q(k) = -5*k**2 + 2789*k - 164472. Calculate q(67).
-54
Let r(g) = -4*g**3 - 10*g**2 - 12*g + 16. Give r(-5).
326
Let k(g) = 2355*g - 113007. Give k(48).
33
Let l(d) = 767283*d + 10741963. What is l(-14)?
1
Let t(o) = 34827*o - 31692564. Give t(910).
6
Let k(m) = 2803*m**2 - 173783*m - 163. What is k(62)?
23
Let i(f) = 39*f + 520. Calculate i(-26).
-494
Let i(y) = -1076*y - 21582. Give i(-19).
-1138
Let d(l) = -16*l**2 + 1733*l + 7024. Calculate d(-4).
-164
Let x(f) = 837*f**2 + 80347*f - 398. Calculate x(-96).
82
Let o(c) = -2*c**3 - 54*c**2 - 66*c - 64. Give o(-26).
300
Let l(h) = 2*h**3 + 387*h**2 + 170*h - 4199. Calculate l(-193).
240
Let u(n) = -1026*n - 9346. What is u(-11)?
1940
Let z(g) = 2*g**3 - 3*g**2 - 2744*g + 8223. Give z(3).
18
Let k(w) = -2*w**3 - 135*w**2 - 481*w - 36268. Calculate k(-68).
1064
Let r(o) = -11*o**2 - 668*o - 4085. What is r(-6)?
-473
Let d(h) = 2361*h - 1614906. What is d(684)?
18
Let t(s) = 2420*s + 5620. What is t(-3)?
-1640
Let p(l) = -3805*l - 2480861. Determine p(-652).
-1
Let s(k) = 4*k**2 - 473*k + 5930. Calculate s(14).
92
Let s(z) = -340*z**2 - 239*z + 1. Calculate s(-1).
-100
Let b(v) = 119*v - 3757. Calculate b(28).
-425
Let q(s) = -s**2 - 222*s - 11526. Give q(-139).
11
Let c(d) = d**3 - 9*d**2 + 474*d + 2349. Determine c(-5).
-371
Let n(g) = 713*g**2 + 6428*g + 7. What is n(-9)?
-92
Let x(h) = -83*h**2 - 109*h - 118. Give x(-5).
-1648
Let c(f) = -23*f**2 + 207*f - 421. Give c(2).
-99
Let q(y) = 62*y**2 - 354*y + 411. What is q(4)?
-13
Let l(t) = -2*t**3 + 57*t**2 - 428*t + 369. Give l(15).
24
Let s(i) = -736*i - 318061. Give s(-432).
-109
Let z(d) = -6570*d - 1603071. Calculate z(-244).
9
Let f(p) = -60*p**2 + 1771*p + 18028. Calculate f(-8).
20
Let c(i) = i**3 - 795*i**2 + 153468*i - 8368. Determine c(465).
2
Let j(t) = -t**3 + 41*t**2 + 160*t - 3147. Determine j(43).
35
Let p(y) = -4*y**3 + 370*y**2 - 188*y + 812. Calculate p(92).
444
Let b(v) = -37713*v - 414820. What is b(-11)?
23
Let j(x) = x**3 + 11*x**2 + 80*x - 1097. Determine j(6).
-5
Let q(v) = -v**3 - 4*v**2 + 351*v + 3250. Calculate q(-11).
236
Let u(b) = 3*b**2 - 62984*b - 567162. Calculate u(-9).
-63
Let f(m) = -1907*m - 650289. Determine f(-341).
-2
Let u(m) = 2*m**2 - 25*m + 99. Calculate u(19).
346
Let j(w) = 2*w**2 - 993*w - 5384. Calculate j(-5).
-369
Let f(z) = -169*z + 10886. What is f(61)?
577
Let u(o) = 21031*o + 210297. What is u(-10)?
-13
Let w(i) = -39*i**3 - 88*i**2 - 7*i + 10. What is w(-3)?
292
Let q(o) = -3643*o + 488125. What is q(134)?
-37
Let t(h) = 2*h**3 + 2093*h**2 - 24331*h + 3157. What is t(-1058)?
-17
Let c(m) = 4*m**3 - 635*m**2 - 64370*m + 4807. What is c(229)?
-2
Let w(g) = -g**2 - 2060*g + 64802. Calculate w(31).
-19
Let a(m) = 2*m**3 + 285*m**2 - 120*m + 3243. Calculate a(-143).
-46
Let d(p) = 2*p**2 + 5097*p - 233437. Calculate d(45).
-22
Let u(b) = -b**3 + 197*b**2 - 1856*b - 2617. What is u(187)?
1
Let i(z) = 67*z**3 - 5*z**2 + 4*z - 13. Calculate i(-4).
-4397
Let s(k) = 24*k**2 - 824*k + 265. Calculate s(34).
-7
Let w(f) = -f**3 - 1114*f**2 - 6772*f - 137359. What is w(-1108)?
33
Let z(r) = r**3 - 72*r**2 - 891*r + 13122. Calculate z(81).
0
Let a(f) = -f**3 + 4*f**2 - 97*f - 326. Determine a(-3).
28
Let r(f) = -7*f**2 + 418*f - 440. Determine r(57).
643
Let x(r) = r**3 - 40*r**2 + 34*r - 3164. Give x(41).
-89
Let t(s) = s**3 - 9*s**2 - 88*s - 21. Determine t(17).
795
Let h(p) = -p**2 + 326*p - 26112. Give h(143).
57
Let n(j) = 4*j**2 + 635*j + 17630. Calculate n(-123).
41
Let m(g) = -2*g**3 - 1540*g**2 + 31556*g + 883. What is m(20)?
3
Let t(z) = -z**2 + 62*z - 874. Give t(40).
6
Let m(l) = 22*l**3 + 14*l**2 - 10*l - 72. Give m(-4).
-1216
Let o(k) = k**2 + 91*k - 4336. What is o(-113)?
-1850
Let b(q) = -325822*q - 5213137. What is b(-16)?
15
Let x(j) = -2*j**2 - 229*j + 1577. Determine x(7).
-124
Let w(u) = 1863*u - 141611. Give w(76).
-23
Let g(z) = z**3 - 39*z**2 + 175*z - 23. Calculate g(23).
-4462
Let v(h) = 295*h + 1105. Determine v(-5).
-370
Let f(k) = k**2 + 2*k - 272. Give f(16).
16
Let b(q) = -2*q**2 - 148*q + 926. What is b(-81)?
-208
Let b(d) = d**3 + 60*d**2 - 19*d + 5913. What is b(-62)?
-597
Let m(o) = -2086*o - 118995. What is m(-57)?
-93
Let j(w) = -10*w**3 + 150*w**2 - 173*w + 461. Calculate j(14).
-1
Let v(o) = o**2 - 92*o + 130. Give v(29).
-1697
Let j(a) = -55*a + 1046. Determine j(5).
771
Let l(x) = 23*x**2 - 2287*x - 17134. Determine l(-7).
2
Let t(a) = -a**3 + 270*a**2 + 2780*a - 57. Calculate t(-10).
143
Let p(n) = 685*n + 12098. Calculate p(-18).
-232
Let w(s) = -s**3 + 827*s**2 - 48137*s + 3814. What is w(764)?
-6
Let i(u) = -3400*u + 649381. What is i(191)?
-19
Let y(l) = -l**3 - 119*l**2 + 6374*l + 2154. Calculate y(-159).
-72
Let j(a) = -2*a + 565. What is j(75)?
415
Let h(p) = -p**3 - 73*p**2 - 586*p + 11662. What is h(-60)?
22
Let f(b) = -b**3 + 439*b**2 - 3*b + 1188. What is f(439)?
-129
Let c(i) = -224*i - 24059. Determine c(-107).
-91
Let b(q) = -2835*q - 50995. Determine b(-18).
35
Let s(a) = a**3 - 14*a**2 - 47*a + 162. Give s(13).
-618
Let h(j) = -38*j**2 - 267*j + 2259. Give h(8).
-2309
Let b(w) = -w**3 + 104*w**2 + 95*w + 12403. Give b(106).
1
Let y(b) = 2*b**3 + 9*b**2 - 154*b - 691. Determine y(-4).
-59
Let c(x) = 144566*x + 1879345. Calculate c(-13).
-13
Let x(b) = -2*b**3 + 492*b**2 + 63*b - 15549. Give x(246).
-51
Let n(w) = -16567*w + 1507636. What is n(91)?
39
Let d(r) = 1841*r + 12982. Calculate d(-6).
1936
Let i(d) = 9691*d + 87233. Give i(-9).
14
Let v(z) = -3*z**3 - 135*z**2 + 9*z + 17. Calculate v(-45).
-388
Let p(h) = -115*h + 10112. Give p(90).
-238
Let a(b) = -b**3 + 125*b**2 - 149*b + 2653. Give a(124).
-447
Let w(q) = 2*q**2 - 17721*q - 17717. Determine w(-1).
6
Let h(b) = -12161*b - 19907555. What is h(-1637)?
2
Let o(k) = 117233*k - 820640. What is o(7)?
-9
Let b(t) = t - 711. What is b(39)?
-672
Let p(u) = -u**2 - 992*u - 141109. Give p(-172).
-69
Let m(b) = -1938*b - 23335. Determine m(-12).
-79
Let q(h) = 2*h**3 + 528*h**2 - 236001*h + 236. Calculate q(236).
0
Let i(h) = -9*h**2 + 3390*h + 20377. Calculate i(-6).